)/3*(2 + -3). Suppose 189*q = f*q + 70. Calculate the remainder when q is divided by 9.
5
Suppose 2*u = -2*d + 130, -d - 3*u + 68 = 3. What is the remainder when 298 is divided by d?
38
Let k = 64715 - 64605. Let l(a) = 2*a**2 - 7*a + 4. What is the remainder when k is divided by l(5)?
15
Suppose -3*m - 3*s = 0, -5*m - 3*s + 20 - 16 = 0. Suppose -m*l + 27 = -l. What is the remainder when 158 is divided by l?
23
Let u(i) = i**3 + 38*i**2 - 90*i + 174. Calculate the remainder when u(-40) is divided by 24.
22
Suppose 82*h = 59*h + 667. Let x(n) = -9*n**3 + n. Calculate the remainder when h is divided by x(-1).
5
Suppose -180*x = -8300 - 5763 - 4657. Calculate the remainder when 2597 is divided by x.
101
Suppose -4*j + 8 = -4*w - 0, 3*w = j + 4. Let a(d) = -d**3 + 7*d**2 - 10*d - 2. Let p be a(j). What is the remainder when 87 is divided by p/(-6) - (-308)/21?
12
Let y(d) = -d**2 + 34*d + 1221. What is the remainder when 2902 is divided by y(55)?
64
Let r(m) = m**3 + 15*m**2 + 14*m - 8. Let w be r(-14). What is the remainder when 226 is divided by (19/(-1))/(w/16)?
36
Let l be 227*(-3 + 5 + -1). Let o = -193 + l. Calculate the remainder when o is divided by 10.
4
What is the remainder when 1547 is divided by (181/(-2172))/((-2)/9192)?
15
Let x(y) be the second derivative of y**4/12 + 5*y**3/3 + 25*y**2/2 + y. What is the remainder when x(-12) is divided by 3*4 + (1 - 3)?
9
Let h = -766 + 845. What is the remainder when h is divided by 37?
5
Suppose 2992*z - 629 = 2975*z. Calculate the remainder when 105 is divided by z.
31
Suppose -2*m - 3*o + 106 = 0, -4*o + 84 = 2*m - 22. What is the remainder when 579 is divided by m?
49
Suppose 12 = -5*r + 3*r, 0 = 8*p + 4*r - 496. Calculate the remainder when 73 is divided by p.
8
Let o(v) = -v**2 - 14*v + 36. Calculate the remainder when 999 is divided by o(0).
27
Let f = -1 + 9. Let i(h) = 69*h**2 - 24*h + 8. Calculate the remainder when i(-1) is divided by f.
5
Suppose 4263 = 5*q + 4*q + 1248. Calculate the remainder when q is divided by 81.
11
Let a(v) = 19*v - 3. Let b(d) = 140 + 163 - 100 + 35*d. What is the remainder when a(3) is divided by b(-5)?
26
Let u = 287 + -255. Let z(q) = -q + 34. Suppose 4*c + 3 = 5*d - 28, -2*d - 5*c - 14 = 0. Calculate the remainder when d is divided by z(u).
1
Let j = 23 - 28. Let k be (0 + 0)/(-4 - j). Suppose -3*u - 5*u + 672 = k. Calculate the remainder when u is divided by 30.
24
Let v = 31 - 39. Suppose i = f + 6, -3*i - f + 3*f = -23. Let l = v + i. What is the remainder when 12 is divided by l?
0
Suppose 8*h = -16*h - 72. What is the remainder when (h - 44/(-20))/(4/(-320)) is divided by 17?
13
Suppose -56 + 17 = -39*x. Suppose -2*l = 4*f - 50, -60 = -5*f - 5*l + 3*l. Calculate the remainder when f is divided by x.
0
Suppose -2*z + 5*v + 868 = -671, 5*v = 3*z - 2321. Let h(j) = j**3 - 66*j**2 - 66*j + 31. What is the remainder when z is divided by h(67)?
96
Let s = 530 - 443. Calculate the remainder when 220 is divided by s.
46
Let j(h) = -h - 11. Let y be (3/6)/(745/(-124) + 6). What is the remainder when j(y) is divided by (-2 - -1)*(-13)/1?
12
Let i = 1139 + -671. Let c = 493 - i. Calculate the remainder when 146 is divided by c.
21
Let a = 9 - 5. Let q(c) = -c**3 + 10*c**2 - 2*c - 5. Suppose -19*i = -11*i - 176. Calculate the remainder when q(a) is divided by i.
17
Let t = -130 - -90. Let h = t + 42. Suppose -s = h*s + 3*o - 75, o + 100 = 4*s. Calculate the remainder when s is divided by 7.
4
Let v(n) = -n**3 + 30*n**2 - 154*n + 66. What is the remainder when 1312 is divided by v(23)?
177
Suppose 0 = 2*p + 3*m - 2158, -3*p + 31*m = 36*m - 3234. Calculate the remainder when p is divided by 109.
107
Suppose 0 = -23*o + 11*o - 84. Let f = o - -37. Calculate the remainder when f is divided by 0 - 3/(6/(-16)).
6
Let t = 36 - -61. Suppose t - 13 = 4*p. Calculate the remainder when 156 is divided by p.
9
Let z(j) = -277*j + 6. Calculate the remainder when z(-1) is divided by 16.
11
Let t be 6/(-7) + 174/203. Suppose t*x + 4*x + 2*s - 270 = 0, -4*x + 240 = -4*s. What is the remainder when 842 is divided by x?
62
Let v(q) = q**3 - q**2 + 13*q + 2. Suppose -s + 5 = 3*m, -4*m + 10 = 4*s - 2*m. Calculate the remainder when (2/3)/(s/42) is divided by v(0).
0
Let k = -174 + 481. Let u = k - -149. What is the remainder when u is divided by 17?
14
Suppose 25*a - 28*a - w + 12075 = 0, 5*a - 20117 = w. Calculate the remainder when a is divided by 11.
9
Let q(t) be the first derivative of t**4/4 - 8*t**3/3 + 13*t**2/2 + 5*t + 62. What is the remainder when 73 is divided by q(6)?
7
Let m(s) = s**3 - 6*s**2 + 3*s + 3. Suppose 7*w + 18 = 10*w. Let z be m(w). Let d(p) = p - 18. Calculate the remainder when d(z) is divided by 1.
0
Suppose 34*i + 336 = 26*i. Calculate the remainder when 48 is divided by ((-32)/(-7))/((-12)/i).
0
Let y = -3190 - -5498. Calculate the remainder when y is divided by 767.
7
Suppose -5*m + 2660 = 5*q, -35*q + 4*m = -31*q - 2104. What is the remainder when q is divided by 182?
165
Let f(u) = 2*u**3 - 150*u**2 + 7*u - 425. Calculate the remainder when 831 is divided by f(75).
31
Let j = 10684 + -10661. What is the remainder when 181 is divided by j?
20
Suppose -2*f + 728 = -2*r, -4*f + 2*r = 4*r - 1480. Suppose -27 = -5*m - 7, 4*x + 5*m - 132 = 3*m. Calculate the remainder when f is divided by x.
27
Suppose -591 = -3*l + g, -35*l + 39*l - g - 790 = 0. What is the remainder when l is divided by 26?
17
Let k = 150 - -29. Let m = k + -87. Calculate the remainder when m is divided by (20/25*-3)/(6/(-80)).
28
Let w be -1 + 0 - (-3 + -4). Let k = 12 - w. Calculate the remainder when 73 is divided by (12 + -2)/((-3)/((-45)/k)).
23
Let n(g) = -g**2 - 45*g + 83. Let y(l) = 48*l - 390. What is the remainder when n(-44) is divided by y(9)?
1
Calculate the remainder when ((2 - -5) + -11)*5/((-5)/128) is divided by 19.
18
Suppose -1453 = 20*p - 151*p + 774. What is the remainder when 2356 is divided by p?
10
Suppose -u + 6*u = 760. Suppose 2*y - 452 + u = 0. What is the remainder when y is divided by (0 + -1)*-21 + (-5 - -3)?
17
Let q(o) = -4*o**2 + 16*o - 19. Let y be q(8). Let h = y + 248. Calculate the remainder when h is divided by 67.
34
Suppose -n - g + 715 = 4*n, 2*n - 308 = 4*g. Suppose n = -4*f + f. Let j = f - -55. What is the remainder when 24 is divided by j?
3
Suppose -q = 27*q + 11*q - 62517. What is the remainder when q is divided by 148?
123
Let m = -42 - -62. Suppose -314 = -m*x + 18*x. Let q = x - 87. Calculate the remainder when q is divided by 37.
33
Let b be (-24)/20*9/((-108)/40). Suppose 5*j + 2*q + 2*q - 124 = 0, b*j - 116 = q. What is the remainder when 139 is divided by j?
27
Suppose 65*q = 435*q + 17*q - 20124. What is the remainder when 1685 is divided by q?
21
Let d = 1 + 20. Let c = -11 + d. Suppose 507 = 34*p - 411. Calculate the remainder when p is divided by c.
7
Let o(b) = 2*b**2 + 4*b - 17. Suppose 0 = 3*x + x - 24. Suppose -55 = -z - 15. What is the remainder when o(x) is divided by z?
39
Let r(b) = -b - 5. Let j be 0 - 192/(-5 + -1). Suppose 0 = 4*d - 5*h - 19, 0*d + 2*d - j = -2*h. What is the remainder when d is divided by r(-10)?
1
Suppose -18*p + 20*p = 80. Let k = -28 - -28. Suppose 0 = -4*y - k*y + 3*q + 66, -3*q = -3*y + 51. What is the remainder when p is divided by y?
10
Suppose -630 = -5*z + 5*u, -5*u + 255 = 2*z - 4*u. Calculate the remainder when z is divided by (-1)/(4/156*-3).
10
Suppose 189*l - 197*l = -1744. Calculate the remainder when l is divided by 103.
12
Let u(n) = 2 + 19 - 18*n + 7*n + 0*n. Calculate the remainder when 38 is divided by u(1).
8
Suppose 8*s + 2184 = 17072. Calculate the remainder when s is divided by 927.
7
Let f(y) = 2*y**3 - 15*y**2 + 19*y + 2. Let s be f(9). Let g = -205 + s. What is the remainder when g is divided by 32?
19
Suppose -r + k + 180 = 0, -2*k - 165 = 4*r - 861. Calculate the remainder when r is divided by 32.
16
Let p be 11/(165/(-6)) + (-34)/(-10). Suppose 2*t - 61 = -3*y, 4*y - 75 + 5 = p*t. Suppose 0 = 3*u - y - 20. What is the remainder when 90 is divided by u?
12
Suppose 2*m = 0, s - 4*m - 10 = -s. Suppose 9 = -2*l + s*l. Suppose x = 6*x - 4*z - 28, -3*x + l*z + 18 = 0. What is the remainder when 16 is divided by x?
0
Suppose 0 = -30*l - 3*l + 2706. Let u be (-1)/5 - (-70)/(